 base 16, what is 8d - -1?
8e
In base 16, what is -77 - 4?
-7b
In base 12, what is 136 - 4?
132
In base 3, what is 11002 + -12?
10220
In base 8, what is -223 - 0?
-223
In base 2, what is 1 + 10?
11
In base 5, what is -10 + -1044?
-1104
In base 14, what is -2 - -1?
-1
In base 10, what is 5 - -1000?
1005
In base 14, what is -2 + b9?
b7
In base 5, what is 433 - -3?
441
In base 5, what is -11301 - -2?
-11244
In base 10, what is 409 - 4?
405
In base 2, what is 100 + 1011111?
1100011
In base 3, what is -11201111 - 0?
-11201111
In base 5, what is -3313 - 2?
-3320
In base 15, what is 40c + -5?
407
In base 13, what is 4 + 18?
1c
In base 5, what is 20133 - 2?
20131
In base 6, what is -45 - 134?
-223
In base 13, what is -20 - 3c?
-5c
In base 6, what is -15141 + 3?
-15134
In base 7, what is -3 + 101?
65
In base 13, what is 4c + -a6?
-57
In base 5, what is -110 + -134?
-244
In base 14, what is 2 + 478?
47a
In base 16, what is -3d - 3?
-40
In base 13, what is -1 - -b9?
b8
In base 4, what is -31231013 - -10?
-31231003
In base 14, what is -5 + 3b2?
3ab
In base 15, what is -160 + -2?
-162
In base 4, what is 10 - -10323?
10333
In base 9, what is 48 - 2?
46
In base 11, what is 86 + 2?
88
In base 9, what is 261 - 0?
261
In base 2, what is -10001011011 - 0?
-10001011011
In base 3, what is -2 + -221122?
-221201
In base 13, what is 1a2 - 32?
170
In base 8, what is -2537 + 2?
-2535
In base 10, what is -91 - 224?
-315
In base 6, what is 112300 - -2?
112302
In base 13, what is 550 + 7?
557
In base 8, what is 3 + 3417?
3422
In base 11, what is 3693 - 3?
3690
In base 3, what is -12210 + -2121?
-22101
In base 16, what is -1 - 58?
-59
In base 7, what is -6 + -165?
-204
In base 9, what is 1010 - 6?
1003
In base 9, what is 1 - -321?
322
In base 14, what is -86d - -2?
-86b
In base 2, what is 10 + -10010?
-10000
In base 6, what is 13 - 2551?
-2534
In base 10, what is 786 - 4?
782
In base 16, what is -865 + 7?
-85e
In base 11, what is -14 + -22?
-36
In base 4, what is 203 + 2111?
2320
In base 6, what is 4 + -2?
2
In base 16, what is 111 - 3?
10e
In base 16, what is -1da + 3?
-1d7
In base 2, what is -10110 - 110000?
-1000110
In base 2, what is 0 - -100110100?
100110100
In base 12, what is b + -6?
5
In base 15, what is 5406 + 3?
5409
In base 11, what is -1 + -93?
-94
In base 8, what is 2 - -205?
207
In base 7, what is 2444 - 0?
2444
In base 14, what is -41 + -b?
-4c
In base 5, what is -3 - 0?
-3
In base 9, what is 157 + 4?
162
In base 12, what is -4 - 3?
-7
In base 4, what is 11 + 11230?
11301
In base 7, what is -1 + 16?
15
In base 9, what is 2 - -47?
50
In base 14, what is 88a + 2?
88c
In base 12, what is 29 + -16?
13
In base 13, what is -43 - -3?
-40
In base 14, what is -726 - -4?
-722
In base 14, what is d6 - -4?
da
In base 12, what is 2 - 1a82?
-1a80
In base 10, what is 702 + -14?
688
In base 15, what is 29 + -26?
3
In base 12, what is a81b - 3?
a818
In base 2, what is -1110 - -1100010?
1010100
In base 16, what is 23 - -1e?
41
In base 9, what is 8018 + -5?
8013
In base 10, what is 109 + 30?
139
In base 16, what is -117 - -1?
-116
In base 5, what is 32 + -33?
-1
In base 2, what is -1 + -100010?
-100011
In base 9, what is -1 - -4340?
4338
In base 3, what is 10 - -1120?
1200
In base 13, what is 16a - -7?
174
In base 11, what is 299 - 2?
297
In base 4, what is -11 - 321310?
-321321
In base 12, what is 172 + -6a?
104
In base 10, what is 0 - 98?
-98
In base 9, what is -4 - -2668?
2664
In base 16, what is 40 + d?
4d
In base 2, what is 1001 + -11000?
-1111
In base 16, what is 2 - 15?
-13
In base 15, what is 1 - -a9?
aa
In base 14, what is -3 - -94?
91
In base 7, what is -10 - -4624?
4614
In base 2, what is -110 + 101100?
100110
In base 8, what is 57421 + -4?
57415
In base 6, what is 141 + -103?
34
In base 3, what is 201 + -10012?
-2111
In base 7, what is -4553 - -1?
-4552
In base 8, what is 2705 - 16?
2667
In base 5, what is -4 - -111?
102
In base 11, what is -44a + -31?
-480
In base 14, what is -5 + 44?
3d
In base 15, what is 3 + 28c?
290
In base 14, what is -258 - 5?
-25d
In base 12, what is -1b66 + -2?
-1b68
In base 13, what is -4 + 11?
a
In base 12, what is -36b3 - -4?
-36ab
In base 9, what is -1 + 326?
325
In base 5, what is -34 - -322?
233
In base 5, what is -2 + 20?
13
In base 3, what is -2012 - -21?
-1221
In base 7, what is 5 - -142?
150
In base 3, what is 1120 - 222?
121
In base 13, what is -13 - -184?
171
In base 6, what is -1440 - -3?
-1433
In base 8, what is -4 + 2225?
2221
In base 5, what is 1221 - 10?
1211
In base 6, what is 3435 + -3?
3432
In base 4, what is 31 - -30?
121
In base 16, what is 1bc + 3?
1bf
In base 11, what is -22 + -3?
-25
In base 14, what is 654 + -b?
647
In base 14, what is a - 121?
-115
In base 6, what is -15 + 2?
-13
In base 4, what is -312 + 3?
-303
In base 4, what is 0 - 301?
-301
In base 16, what is -424 - -3?
-421
In base 15, what is -3c7 + 0?
-3c7
In base 8, what is -4 + -30?
-34
In base 5, what is -1 - -1244?
1243
In base 3, what is 111 - -1020000?
1020111
In base 9, what is 54 - -1?
55
In base 4, what is 11 - 20012?
-20001
In base 6, what is 24 + 10?
34
In base 14, what is -1 - 65?
-66
In base 2, what is 1110 + 1000?
10110
In base 15, what is 44 + 0?
44
In base 3, what is 11 - -110101?
110112
In base 9, what is 4 + 231?
235
In base 8, what is -4 - -471?
465
In base 5, what is 4 - -322?
331
In base 14, what is -cc0 + -4?
-cc4
In base 13, what is 6966 + 5?
696b
In base 5, what is 43 - -10241?
10334
In base 4, what is 1230 + 0?
1230
In base 12, what is -26 + 1b?
-7
In base 11, what is 12 - -17?
29
In base 16, what is 8 + 3e5?
3ed
In base 6, what is 423 + 2?
425
In base 5, what is 3 + -10044?
-10041
In base 16, what is 1ba + 2?
1bc
In base 5, what is 13 + 120?
133
In base 13, what is 76 - -10?
86
In base 12, what is 3b0 - -4?
3b4
In base 9, what is 43 - -3?
46
In base 13, what is -3 - -43?
40
In base 8, what is -3 + -54?
-57
In base 3, what is -2 + -1211?
-1220
In base 13, what is 139 - 4?
135
In base 8, what is -2 - 431?
-433
In base 10, what is -11 + -121?
-132
In base 3, what is 200012 + -11?
200001
In base 10, what is -2 + 1780?
1778
In base 16, what is 11 + -4b?
-3a
In base 13, what is 6a0 + 3?
6a3
In base 11, what is -739 + -4?
-742
In base 3, what is 2112200 + 12?
2112212
In base 13, what is -3a98 + 4?
-3a94
In base 2, what is 11100 + -10101001?
-10001101
In base 5, what is -1223 - 12?
-1240
In base 13, what is 248 - -4?
24c
In base 7, what is 0 - 16?
-16
In base 3, what is 121 - 211?
-20
In base 14, what is 5a - -8?
64
In base 5, what is 10211 - 0?
10211
In base 7, what is -560 - -2?
-555
In base 15, what is -7 + 4e?
47
In base 4, what is 3 + 223?
232
In base 5, what is -1313 - 20?
-1333
In base 11, what is -345 + -a?
-354
In base 7, what is 35 + 642?
1010
In base 4, what is 10 - 111?
-101
In base 13, what is 5 - a?
-5
In base 2, what is -1001111 + -11101001?
-100111000
In base 4, what is 10 - 322?
-312
In base 4, what is -11 + -132?
-203
In base 7, what is 12 + -41?
-26
In base 12, what is 37 + -31?
6
In base 8, what is 46 - 0?
46
In base 15, what is 3 - -425?
428
In base 2, what is 101011010 - 1000?
101010010
In base 6, what is 2 + 25?
31
In base 14, what is 18c + 5?
193
In base 7, what is -5 - -231?
223
In base 8, what is -341 - 10?
-351
In base 16, what is 2 - 27?
-25
In base 14, what is 230 - 5?
229
In base 10, what is 1 + 6851?
6852
In base 16, what is -4c3 + 1?
-4c2
In base 11, what is 167 + -1?
166
In base 8, what is 70 + 4?
74
In base 3, what is -21121 + 11220?
-2201
In base 12, what is 30 + -10?
20
In base 10, what is -154 + -2?
-156
In base 5, what is 41104 - 11?
41043
In base 10, what is 139 - -3?
142
In base 8, what is -15 + -131?
-146
In base 2, what is 111000000101 + 101?
111000001010
In base 10, what is -358 + 1?
-357
In base 10, what is -280 - 49?
-329
In base 3, what is 100 - 1110110?
-1110010
In base 3, what is 11220 + -10?
11210
In base 2, what is -1100 + 1011?
-1
In base 11, what is 2 + -42a9?
-42a7
In base 10, what is 1 - -194?
195
In base 3, what is -100 - 1001?
-1101
In base 16, what is -a7 - 2?
-a9
In base 16, what is 5 + -14?
-f
In base 14, what is 3 - 5d?
-5a
In base 10, what is 41 + -14?
27
In base 10, what is -7 + -385?
-392
In base 8, what is -3300 + 1?
-3277
In base 6, what is 1453 + 2?
1455
In base 3, w